{"id":994,"date":"2019-02-15T09:35:58","date_gmt":"2019-02-15T08:35:58","guid":{"rendered":"https:\/\/www.robotec.sk\/welding\/?post_type=product&#038;p=994"},"modified":"2020-05-21T10:02:34","modified_gmt":"2020-05-21T08:02:34","slug":"lmd","status":"publish","type":"product","link":"https:\/\/www.robotec.sk\/welding\/produkt\/lmd\/","title":{"rendered":"LMD"},"content":{"rendered":"<p>LMD je mobiln\u00e9 ods\u00e1vacie a filtra\u010dn\u00e9 zariadenie, ktor\u00e9 je vybaven\u00e9\u00a0 kazetov\u00fdm HEPA filtrom. Je ur\u010den\u00e9 na ods\u00e1vanie a filtr\u00e1ciu splod\u00edn vznikaj\u00facich pri sp\u00e1jkovan\u00ed a zna\u010den\u00ed v\u00fdrobkov. Je vhodn\u00e9 pre takmer v\u0161etky laserov\u00e9 syst\u00e9my. Vyu\u017eitie nach\u00e1dza aj v laborat\u00f3ri\u00e1ch alebo farm\u00e1cii.<\/p>\n<p id=\"u161623-2\">Zariadenie LMD je vybaven\u00e9 ve\u013ek\u00fdm predfiltrom kateg\u00f3rie F5, ktor\u00fd odde\u013euje hrub\u00e9 \u010dastice. N\u00e1sledne je vzduch veden\u00fd cez vysoko efekt\u00edvny ve\u013emi jemn\u00fd filter kateg\u00f3rie H13 so stup\u0148om odl\u00fa\u010denia 99,95%,\u00a0 v ktorom sa zachytia aj tie najjemnej\u0161ie \u010dastice. Po\u010das poslednej f\u00e1zy je prefiltrovan\u00fd vzduch veden\u00fd cez filter s akt\u00edvnym uhl\u00edm.<\/p>\n<p>Jednotka LMD m\u00e1 pevn\u00fa kon\u0161trukciu s pr\u00e1\u0161kovou povrchovou \u00fapravou pre zaistenie vysokej odolnosti a \u017eivotnosti.<\/p>\n<p>Riadiaci syst\u00e9m ods\u00e1vacej jednotky sp\u00fa\u0161\u0165a sekvenciu \u010distenia vtedy, ke\u010f je ventil\u00e1tor jednotky v pokoji.<\/p>\n<p>V\u0161etky filtre s\u00fa dokonale utesnen\u00e9 a presne dosadaj\u00fa. Jednotka je vybaven\u00e1 v\u00fdkonnou podtlakovou turb\u00ednou. Integrovan\u00e1 ovl\u00e1dacia jednotka s displejom a membr\u00e1nov\u00fdmi tla\u010didlami umo\u017e\u0148uje jednoduch\u00fa obsluhu a nastavenie ods\u00e1vacieho v\u00fdkonu. Zanesenie filtrov je elektronicky monitorovan\u00e9 a riadiaca jednotka automaticky informuje o nutnosti ich v\u00fdmeny.<\/p>\n<p>Z\u00e1suvka SUB-D9 umo\u017e\u0148uje pripojenie extern\u00fdch zariaden\u00ed a dosta\u0165 zo zariadenia \u010fal\u0161ie v\u00fdstupn\u00e9 sign\u00e1ly ako: filter pln\u00fd, alarm, extern\u00fd \u0161tart\/stop, zv\u00fd\u0161enie\/zn\u00ed\u017eenie ods\u00e1vacieho v\u00fdkonu. Zariadenie je dod\u00e1van\u00e9 s 5 m nap\u00e1jac\u00edm k\u00e1blom a je okam\u017eite pripraven\u00e9 na pou\u017eitie. Zvukotesn\u00e1 kon\u0161trukcia efekt\u00edvne redukuje hladinu hluku.<\/p>\n","protected":false},"excerpt":{"rendered":"<p>Ods\u00e1vacie a filtra\u010dn\u00e9 zariadenie vybaven\u00e9 kazetov\u00fdmi filtrami, ktor\u00e9 je ur\u010den\u00e9 na kontinu\u00e1lne ods\u00e1vanie a filtr\u00e1ciu splod\u00edn vznikaj\u00facich pri sp\u00e1jkovan\u00ed a zna\u010den\u00ed v\u00fdrobkov. Je vhodn\u00e9 pre takmer v\u0161etky laserov\u00e9 syst\u00e9my. Efekt\u00edvnos\u0165 filtr\u00e1cie 99,95%.<\/p>\n","protected":false},"featured_media":988,"template":"","meta":{"_monsterinsights_skip_tracking":false,"_monsterinsights_sitenote_active":false,"_monsterinsights_sitenote_note":"","_monsterinsights_sitenote_category":0},"product_brand":[],"product_cat":[85,37],"product_tag":[38],"yst_prominent_words":[],"class_list":{"0":"post-994","1":"product","2":"type-product","3":"status-publish","4":"has-post-thumbnail","6":"product_cat-odsavacie-a-filtracne-zariadenia-teka","7":"product_cat-mobilne-odsavacie-zariadenia","8":"product_tag-teka","10":"first","11":"onbackorder","12":"taxable","13":"shipping-taxable","14":"product-type-simple"},"acf":[],"_links":{"self":[{"href":"https:\/\/www.robotec.sk\/welding\/wp-json\/wp\/v2\/product\/994","targetHints":{"allow":["GET"]}}],"collection":[{"href":"https:\/\/www.robotec.sk\/welding\/wp-json\/wp\/v2\/product"}],"about":[{"href":"https:\/\/www.robotec.sk\/welding\/wp-json\/wp\/v2\/types\/product"}],"wp:featuredmedia":[{"embeddable":true,"href":"https:\/\/www.robotec.sk\/welding\/wp-json\/wp\/v2\/media\/988"}],"wp:attachment":[{"href":"https:\/\/www.robotec.sk\/welding\/wp-json\/wp\/v2\/media?parent=994"}],"wp:term":[{"taxonomy":"product_brand","embeddable":true,"href":"https:\/\/www.robotec.sk\/welding\/wp-json\/wp\/v2\/product_brand?post=994"},{"taxonomy":"product_cat","embeddable":true,"href":"https:\/\/www.robotec.sk\/welding\/wp-json\/wp\/v2\/product_cat?post=994"},{"taxonomy":"product_tag","embeddable":true,"href":"https:\/\/www.robotec.sk\/welding\/wp-json\/wp\/v2\/product_tag?post=994"},{"taxonomy":"yst_prominent_words","embeddable":true,"href":"https:\/\/www.robotec.sk\/welding\/wp-json\/wp\/v2\/yst_prominent_words?post=994"}],"curies":[{"name":"wp","href":"https:\/\/api.w.org\/{rel}","templated":true}]}}