{"id":3511,"date":"2023-04-06T09:23:18","date_gmt":"2023-04-06T07:23:18","guid":{"rendered":"https:\/\/www.robotec.sk\/welding\/?post_type=product&#038;p=3511"},"modified":"2023-04-06T10:49:38","modified_gmt":"2023-04-06T08:49:38","slug":"otocny-zvaraci-stol-so-zafukovanim","status":"publish","type":"product","link":"https:\/\/www.robotec.sk\/welding\/produkt\/otocny-zvaraci-stol-so-zafukovanim\/","title":{"rendered":"Oto\u010dn\u00fd zv\u00e1rac\u00ed st\u00f4l so zafukovan\u00edm"},"content":{"rendered":"<div class=\"fusion-fullwidth fullwidth-box fusion-builder-row-1 fusion-flex-container nonhundred-percent-fullwidth non-hundred-percent-height-scrolling\" style=\"--awb-border-radius-top-left:0px;--awb-border-radius-top-right:0px;--awb-border-radius-bottom-right:0px;--awb-border-radius-bottom-left:0px;--awb-flex-wrap:wrap;\" ><div class=\"fusion-builder-row fusion-row fusion-flex-align-items-flex-start fusion-flex-content-wrap\" style=\"max-width:1248px;margin-left: calc(-4% \/ 2 );margin-right: calc(-4% \/ 2 );\"><div class=\"fusion-layout-column fusion_builder_column fusion-builder-column-0 fusion_builder_column_1_1 1_1 fusion-flex-column\" style=\"--awb-bg-size:cover;--awb-width-large:100%;--awb-margin-top-large:0px;--awb-spacing-right-large:1.92%;--awb-margin-bottom-large:0px;--awb-spacing-left-large:1.92%;--awb-width-medium:100%;--awb-spacing-right-medium:1.92%;--awb-spacing-left-medium:1.92%;--awb-width-small:100%;--awb-spacing-right-small:1.92%;--awb-spacing-left-small:1.92%;\"><div class=\"fusion-column-wrapper fusion-flex-justify-content-flex-start fusion-content-layout-column\"><div class=\"fusion-text fusion-text-1\"><p>Oto\u010dn\u00fd zv\u00e1rac\u00ed st\u00f4l pre zv\u00e1ranie r\u00far s vn\u00fatorn\u00fdm zafukovan\u00edm pre stojan AMA typu A.<\/p>\n<h3 style=\"text-align: left;\">Oto\u010dn\u00fd st\u00f4l so zafukovan\u00edm 200<\/h3>\n<ul>\n<li>Pre r\u00fary do priemeru DN200 (8\u201c).<\/li>\n<\/ul>\n<h3 style=\"text-align: left;\">Oto\u010dn\u00fd st\u00f4l so zafukovan\u00edm 400<\/h3>\n<ul>\n<li>Pre r\u00fary do priemeru DN400 (16\u201c).<\/li>\n<\/ul>\n<h3 style=\"text-align: left;\">Vlastnosti<\/h3>\n<ul>\n<li>Manu\u00e1lne oto\u010dn\u00fd st\u00f4l s gu\u013e\u00f4\u010dkov\u00fdmi lo\u017eiskami.<\/li>\n<li>Pr\u00edvod plynu zo stredu oto\u010dn\u00e9ho stola.<\/li>\n<li>Upevnenie k stojanu typu A pomocou re\u0165aze.<\/li>\n<li>Uzemnenie priamo k doske stola pomocou k\u00e1bla, nie cez lo\u017eisk\u00e1.<\/li>\n<li>Oto\u010dn\u00e9 pripojenie plynu.<\/li>\n<li>Oto\u010dny st\u00f4l so zafukovan\u00edm.<\/li>\n<\/ul>\n<h3 style=\"text-align: left;\">Video<\/h3>\n<div class=\"fusion-video fusion-youtube\" style=\"--awb-max-width:600px;--awb-max-height:360px;\"><div class=\"video-shortcode\"><div class=\"fluid-width-video-wrapper\" style=\"padding-top:60%;\" ><iframe title=\"YouTube video player 1\" src=\"https:\/\/www.youtube.com\/embed\/DyS5qXxaXdE?wmode=transparent&autoplay=0&amp;rel=0\" width=\"600\" height=\"360\" allowfullscreen allow=\"autoplay; clipboard-write; encrypted-media; gyroscope; picture-in-picture;\"><\/iframe><\/div><\/div><\/div>\n<\/div><\/div><\/div><\/div><\/div>\n","protected":false},"excerpt":{"rendered":"<p>Oto\u010dn\u00fd zv\u00e1rac\u00ed st\u00f4l pre zv\u00e1ranie r\u00far s vn\u00fatorn\u00fdm zafukovan\u00edm pre stojan AMA typu A.<\/p>\n","protected":false},"featured_media":3479,"template":"","meta":{"_monsterinsights_skip_tracking":false,"_monsterinsights_sitenote_active":false,"_monsterinsights_sitenote_note":"","_monsterinsights_sitenote_category":0},"product_brand":[],"product_cat":[116],"product_tag":[115],"yst_prominent_words":[],"class_list":{"0":"post-3511","1":"product","2":"type-product","3":"status-publish","4":"has-post-thumbnail","6":"product_cat-prislusenstvo-pre-zvaranie-rur","7":"product_tag-ama","9":"first","10":"onbackorder","11":"taxable","12":"shipping-taxable","13":"product-type-simple"},"acf":[],"_links":{"self":[{"href":"https:\/\/www.robotec.sk\/welding\/wp-json\/wp\/v2\/product\/3511","targetHints":{"allow":["GET"]}}],"collection":[{"href":"https:\/\/www.robotec.sk\/welding\/wp-json\/wp\/v2\/product"}],"about":[{"href":"https:\/\/www.robotec.sk\/welding\/wp-json\/wp\/v2\/types\/product"}],"wp:featuredmedia":[{"embeddable":true,"href":"https:\/\/www.robotec.sk\/welding\/wp-json\/wp\/v2\/media\/3479"}],"wp:attachment":[{"href":"https:\/\/www.robotec.sk\/welding\/wp-json\/wp\/v2\/media?parent=3511"}],"wp:term":[{"taxonomy":"product_brand","embeddable":true,"href":"https:\/\/www.robotec.sk\/welding\/wp-json\/wp\/v2\/product_brand?post=3511"},{"taxonomy":"product_cat","embeddable":true,"href":"https:\/\/www.robotec.sk\/welding\/wp-json\/wp\/v2\/product_cat?post=3511"},{"taxonomy":"product_tag","embeddable":true,"href":"https:\/\/www.robotec.sk\/welding\/wp-json\/wp\/v2\/product_tag?post=3511"},{"taxonomy":"yst_prominent_words","embeddable":true,"href":"https:\/\/www.robotec.sk\/welding\/wp-json\/wp\/v2\/yst_prominent_words?post=3511"}],"curies":[{"name":"wp","href":"https:\/\/api.w.org\/{rel}","templated":true}]}}