{"id":3504,"date":"2023-04-05T09:35:27","date_gmt":"2023-04-05T07:35:27","guid":{"rendered":"https:\/\/www.robotec.sk\/welding\/?post_type=product&#038;p=3504"},"modified":"2023-04-05T11:40:09","modified_gmt":"2023-04-05T09:40:09","slug":"ama-hd-table-podpera-stojan-na-rury","status":"publish","type":"product","link":"https:\/\/www.robotec.sk\/welding\/produkt\/ama-hd-table-podpera-stojan-na-rury\/","title":{"rendered":"AMA HD Table &#8211; stojan \/ podpera na r\u00fary"},"content":{"rendered":"<div class=\"fusion-fullwidth fullwidth-box fusion-builder-row-1 fusion-flex-container nonhundred-percent-fullwidth non-hundred-percent-height-scrolling\" style=\"--awb-border-radius-top-left:0px;--awb-border-radius-top-right:0px;--awb-border-radius-bottom-right:0px;--awb-border-radius-bottom-left:0px;--awb-flex-wrap:wrap;\" ><div class=\"fusion-builder-row fusion-row fusion-flex-align-items-flex-start fusion-flex-content-wrap\" style=\"max-width:1248px;margin-left: calc(-4% \/ 2 );margin-right: calc(-4% \/ 2 );\"><div class=\"fusion-layout-column fusion_builder_column fusion-builder-column-0 fusion_builder_column_1_1 1_1 fusion-flex-column\" style=\"--awb-bg-size:cover;--awb-width-large:100%;--awb-margin-top-large:0px;--awb-spacing-right-large:1.92%;--awb-margin-bottom-large:0px;--awb-spacing-left-large:1.92%;--awb-width-medium:100%;--awb-spacing-right-medium:1.92%;--awb-spacing-left-medium:1.92%;--awb-width-small:100%;--awb-spacing-right-small:1.92%;--awb-spacing-left-small:1.92%;\"><div class=\"fusion-column-wrapper fusion-flex-justify-content-flex-start fusion-content-layout-column\"><div class=\"fusion-text fusion-text-1\"><p>Manipulujte aj s ve\u013ek\u00fdmi r\u00farami jednoducho a bez n\u00e1mahy!<\/p>\n<p>AMA HD Table je zariadenie na ot\u00e1\u010danie r\u00far, ktor\u00e9 predstavuje inovat\u00edvne rie\u0161enie pre mont\u00e1\u017e, pr\u00edpravu a zv\u00e1ranie r\u00far.<\/p>\n<p>AMA\u00ae HD Table umo\u017e\u0148uje jednoducho ot\u00e1\u010da\u0165 aj r\u00fary s priemerom a\u017e 1 000 mm. R\u00fara je na polohovadle zaisten\u00e1 pomocou grutne s val\u010dekmi. T\u00e1 ju udr\u017eiava pevne pritla\u010den\u00fa ku kladk\u00e1m polohovadla.<\/p>\n<p>AMA\u00ae HD Table sa v\u010faka kolieskam \u013eahko pres\u00fava po pracovisku. M\u00f4\u017ee sl\u00fa\u017ei\u0165 samostatne alebo ako doplnok k\u00a0 motorizovan\u00e9mu rot\u00e1toru AMA HD Rotator.<\/p>\n<p>Pomocou produktov AMA \u00ae HD, m\u00f4\u017eete v\u00fdrazne zefekt\u00edvni\u0165 v\u00fdrobu vo va\u0161ej dielni. V\u010faka ich univerz\u00e1lnosti ich vyu\u017eijete pre r\u00f4zne projekty.<\/p>\n<p>Jednoduch\u00e9 a efekt\u00edvne, v\u0161ak?<\/p>\n<h3 style=\"text-align: left;\">Vlastnosti zariadenia<\/h3>\n<ul>\n<li>Pre r\u00fary s priemerom 100 &#8211; 1000 mm.<\/li>\n<li>Maxim\u00e1lne nosnos\u0165 1500 kg.<\/li>\n<li>Pracovn\u00e1 v\u00fd\u0161ka sa nastavuje pomocou hydraulick\u00e9ho valca.<\/li>\n<li>Rozsah v\u00fd\u0161kov\u00e9ho nastavenia 440 &#8211; 870 mm od spodku r\u00fary.<\/li>\n<li>Napolohovanie do ide\u00e1lnej ergonomickej poz\u00edcie.<\/li>\n<li>\u00daspora miesta, \u013eahk\u00e9 premiest\u0148ovanie na kolieskach.<\/li>\n<li>Po\u010das pou\u017e\u00edvania stoj\u00ed pevne na noh\u00e1ch.<\/li>\n<li>R\u00fara je na rot\u00e1tore zaisten\u00e1 pomocou gurtne s val\u010dekmi,ktor\u00e1 ju udr\u017eiava pevne pritla\u010den\u00fa ku kladk\u00e1m rot\u00e1tora.<\/li>\n<li>Hmotnos\u0165 polohovadla 165 kg.<\/li>\n<\/ul>\n<h3 style=\"text-align: left;\">Video<\/h3>\n<div class=\"fusion-video fusion-youtube\" style=\"--awb-max-width:600px;--awb-max-height:360px;\"><div class=\"video-shortcode\"><div class=\"fluid-width-video-wrapper\" style=\"padding-top:60%;\" ><iframe title=\"YouTube video player 1\" src=\"https:\/\/www.youtube.com\/embed\/tzHnoESv24Q?wmode=transparent&autoplay=0&amp;rel=0\" width=\"600\" height=\"360\" allowfullscreen allow=\"autoplay; clipboard-write; encrypted-media; gyroscope; picture-in-picture;\"><\/iframe><\/div><\/div><\/div>\n<\/div><\/div><\/div><\/div><\/div>\n","protected":false},"excerpt":{"rendered":"<p>AMA\u00ae HD TABLE je\u00a0 stojan na r\u00fary, ktor\u00fd umo\u017e\u0148uje rot\u00e1ciu r\u00far a ich zdvih do pracovnej polohy pomocou hydrauliky. Zariadenie je ur\u010den\u00e9 na polohovanie r\u00far pri zv\u00e1ran\u00ed a mont\u00e1\u017ei. M\u00f4\u017ee by\u0165 po\u017eite samostatne alebo ako doplnok k motorizovan\u00e9mu zv\u00e1raciemu polohovadlu AMA\u00ae HD ROTATOR.<\/p>\n","protected":false},"featured_media":3486,"template":"","meta":{"_monsterinsights_skip_tracking":false,"_monsterinsights_sitenote_active":false,"_monsterinsights_sitenote_note":"","_monsterinsights_sitenote_category":0},"product_brand":[],"product_cat":[117],"product_tag":[115],"yst_prominent_words":[],"class_list":{"0":"post-3504","1":"product","2":"type-product","3":"status-publish","4":"has-post-thumbnail","6":"product_cat-hd-rotator","7":"product_tag-ama","9":"first","10":"onbackorder","11":"taxable","12":"shipping-taxable","13":"product-type-simple"},"acf":[],"_links":{"self":[{"href":"https:\/\/www.robotec.sk\/welding\/wp-json\/wp\/v2\/product\/3504","targetHints":{"allow":["GET"]}}],"collection":[{"href":"https:\/\/www.robotec.sk\/welding\/wp-json\/wp\/v2\/product"}],"about":[{"href":"https:\/\/www.robotec.sk\/welding\/wp-json\/wp\/v2\/types\/product"}],"wp:featuredmedia":[{"embeddable":true,"href":"https:\/\/www.robotec.sk\/welding\/wp-json\/wp\/v2\/media\/3486"}],"wp:attachment":[{"href":"https:\/\/www.robotec.sk\/welding\/wp-json\/wp\/v2\/media?parent=3504"}],"wp:term":[{"taxonomy":"product_brand","embeddable":true,"href":"https:\/\/www.robotec.sk\/welding\/wp-json\/wp\/v2\/product_brand?post=3504"},{"taxonomy":"product_cat","embeddable":true,"href":"https:\/\/www.robotec.sk\/welding\/wp-json\/wp\/v2\/product_cat?post=3504"},{"taxonomy":"product_tag","embeddable":true,"href":"https:\/\/www.robotec.sk\/welding\/wp-json\/wp\/v2\/product_tag?post=3504"},{"taxonomy":"yst_prominent_words","embeddable":true,"href":"https:\/\/www.robotec.sk\/welding\/wp-json\/wp\/v2\/yst_prominent_words?post=3504"}],"curies":[{"name":"wp","href":"https:\/\/api.w.org\/{rel}","templated":true}]}}