{"id":1714,"date":"2019-12-04T15:40:07","date_gmt":"2019-12-04T14:40:07","guid":{"rendered":"https:\/\/www.robotec.sk\/welding\/?post_type=product&#038;p=1714"},"modified":"2020-05-21T10:03:13","modified_gmt":"2020-05-21T08:03:13","slug":"mds","status":"publish","type":"product","link":"https:\/\/www.robotec.sk\/welding\/produkt\/mds\/","title":{"rendered":"MDS"},"content":{"rendered":"<p align=\"justify\">MDS \u2013 Modular Drive System je jedin\u00fdm mechanizovan\u00fdm syst\u00e9mom na trhu, ktor\u00fd umo\u017e\u0148uje poskladanie zostavy pod\u013ea po\u017eiadaviek a\u00a0potrieb z\u00e1kazn\u00edka s\u00a0mo\u017enos\u0165ou roz\u0161\u00edrenia \u010di \u00fapravy v bud\u00facnosti.\u00a0Stavebnicov\u00fd syst\u00e9m nach\u00e1dza uplatnenie pri r\u00f4znych aplik\u00e1ci\u00e1ch zv\u00e1rania a\u00a0rezania materi\u00e1lov vo v\u0161etk\u00fdch oblastiach priemyslu.<\/p>\n<p align=\"justify\">Pohybuje sa po pevn\u00fdch alebo flexibiln\u00fdch hlin\u00edkov\u00fdch ko\u013eajniciach, ktor\u00e9 sa na materi\u00e1l prichyt\u00e1vaj\u00fa pomocou magnetov alebo pr\u00edsaviek.\u00a0MDS\u00a0m\u00f4\u017ee by\u0165 doplnen\u00fd aj o\u00a0pendlovaciu jednotku. Riadiaca jednotka MDS digit\u00e1lne zobrazuje r\u00fdchlos\u0165 pohybu a\u00a0je vybaven\u00e1 ochranou proti pre\u0165a\u017eeniu motora.<\/p>\n<p align=\"justify\">MDS je dostato\u010dne v\u00fdkonn\u00fd a\u00a0pevn\u00fd s\u00a0mo\u017enos\u0165ou pou\u017eitia aj v\u00a0naj\u0165a\u017e\u0161\u00edch podmienkach. Stavebnicov\u00fd syst\u00e9m MDS umo\u017e\u0148uje pre svoju variabilitu prev\u00e1dza\u0165 oper\u00e1torovi r\u00fdchle prestavovanie zariadenia na r\u00f4zne aplik\u00e1cie zv\u00e1rania a\u00a0rezania.<\/p>\n<p><strong>VIDEO<\/strong><\/p>\n<p><iframe src=\"\/\/www.youtube.com\/embed\/O4SVzI8g5jY?feature=emb_logo\" width=\"560\" height=\"314\" allowfullscreen=\"allowfullscreen\"><\/iframe><\/p>\n","protected":false},"excerpt":{"rendered":"<p>Modul\u00e1rny syst\u00e9m, ktor\u00fd umo\u017e\u0148uje poskladanie zv\u00e1racieho traktora pod\u013ea po\u017eiadaviek a prisp\u00f4sobenie pre r\u00f4zne zv\u00e1racie aplik\u00e1cie.<\/p>\n","protected":false},"featured_media":1712,"template":"","meta":{"_monsterinsights_skip_tracking":false,"_monsterinsights_sitenote_active":false,"_monsterinsights_sitenote_note":"","_monsterinsights_sitenote_category":0},"product_brand":[],"product_cat":[79],"product_tag":[78],"yst_prominent_words":[],"class_list":{"0":"post-1714","1":"product","2":"type-product","3":"status-publish","4":"has-post-thumbnail","6":"product_cat-mechanizacia","7":"product_tag-bug-o","9":"first","10":"onbackorder","11":"taxable","12":"shipping-taxable","13":"product-type-simple"},"acf":[],"_links":{"self":[{"href":"https:\/\/www.robotec.sk\/welding\/wp-json\/wp\/v2\/product\/1714","targetHints":{"allow":["GET"]}}],"collection":[{"href":"https:\/\/www.robotec.sk\/welding\/wp-json\/wp\/v2\/product"}],"about":[{"href":"https:\/\/www.robotec.sk\/welding\/wp-json\/wp\/v2\/types\/product"}],"wp:featuredmedia":[{"embeddable":true,"href":"https:\/\/www.robotec.sk\/welding\/wp-json\/wp\/v2\/media\/1712"}],"wp:attachment":[{"href":"https:\/\/www.robotec.sk\/welding\/wp-json\/wp\/v2\/media?parent=1714"}],"wp:term":[{"taxonomy":"product_brand","embeddable":true,"href":"https:\/\/www.robotec.sk\/welding\/wp-json\/wp\/v2\/product_brand?post=1714"},{"taxonomy":"product_cat","embeddable":true,"href":"https:\/\/www.robotec.sk\/welding\/wp-json\/wp\/v2\/product_cat?post=1714"},{"taxonomy":"product_tag","embeddable":true,"href":"https:\/\/www.robotec.sk\/welding\/wp-json\/wp\/v2\/product_tag?post=1714"},{"taxonomy":"yst_prominent_words","embeddable":true,"href":"https:\/\/www.robotec.sk\/welding\/wp-json\/wp\/v2\/yst_prominent_words?post=1714"}],"curies":[{"name":"wp","href":"https:\/\/api.w.org\/{rel}","templated":true}]}}