{"id":1704,"date":"2019-12-04T12:31:38","date_gmt":"2019-12-04T11:31:38","guid":{"rendered":"https:\/\/www.robotec.sk\/welding\/?post_type=product&#038;p=1704"},"modified":"2020-05-21T10:03:12","modified_gmt":"2020-05-21T08:03:12","slug":"k-bug-3000","status":"publish","type":"product","link":"https:\/\/www.robotec.sk\/welding\/produkt\/k-bug-3000\/","title":{"rendered":"K-BUG 3000"},"content":{"rendered":"<p>K-BUG 3000 je digit\u00e1lne riaden\u00fd zv\u00e1rac\u00ed traktor pre zv\u00e1ranie k\u00fatov\u00fdch zvarov, ktor\u00fd je vybaven\u00fd jednotkou umo\u017e\u0148uj\u00facou oscil\u00e1ciu zv\u00e1racieho hor\u00e1ka. Zv\u00e1rac\u00ed syst\u00e9m je \u013eahk\u00fd, prenosn\u00fd a\u00a0vyu\u017e\u00edva v\u00fdkonn\u00e9 magnety a\u00a0vodiace prvky pre presn\u00e9 vedenie po materi\u00e1li. K-BUG 3000 umo\u017e\u0148uje presn\u00e9 riadenie k\u00fdvav\u00e9ho pohybu hor\u00e1ka pomocou nastavenia parametrov r\u00fdchlosti pohybu traktora, r\u00fdchlosti oscil\u00e1cie a\u00a0\u0161\u00edrky k\u00fdvav\u00e9ho pohybu. Zariadenie umo\u017e\u0148uje nez\u00e1visle nastavi\u0165 pozdr\u017eanie hor\u00e1ka v\u00a0krajn\u00fdch poz\u00edci\u00e1ch oscil\u00e1cie. K-BUG 3000 m\u00f4\u017ee by\u0165 pou\u017eit\u00fd na zv\u00e1ranie vo v\u0161etk\u00fdch poz\u00edci\u00e1ch.<\/p>\n<p><strong>VIDEO<\/strong><\/p>\n<p><iframe src=\"\/\/www.youtube.com\/embed\/bWzPvpdvr54?feature=emb_logo\" width=\"560\" height=\"314\" allowfullscreen=\"allowfullscreen\"><\/iframe><\/p>\n","protected":false},"excerpt":{"rendered":"<p>Digit\u00e1lne riaden\u00fd zv\u00e1rac\u00ed traktor pre zv\u00e1ranie k\u00fatov\u00fdch zvarov, ktor\u00fd je vybaven\u00fd jednotkou umo\u017e\u0148uj\u00facou oscil\u00e1ciu (pendl\u00e1ciu) zv\u00e1racieho hor\u00e1ka.<\/p>\n","protected":false},"featured_media":1700,"template":"","meta":{"_monsterinsights_skip_tracking":false,"_monsterinsights_sitenote_active":false,"_monsterinsights_sitenote_note":"","_monsterinsights_sitenote_category":0},"product_brand":[],"product_cat":[80],"product_tag":[78],"yst_prominent_words":[],"class_list":{"0":"post-1704","1":"product","2":"type-product","3":"status-publish","4":"has-post-thumbnail","6":"product_cat-k-bug","7":"product_tag-bug-o","9":"first","10":"onbackorder","11":"taxable","12":"shipping-taxable","13":"product-type-simple"},"acf":[],"_links":{"self":[{"href":"https:\/\/www.robotec.sk\/welding\/wp-json\/wp\/v2\/product\/1704","targetHints":{"allow":["GET"]}}],"collection":[{"href":"https:\/\/www.robotec.sk\/welding\/wp-json\/wp\/v2\/product"}],"about":[{"href":"https:\/\/www.robotec.sk\/welding\/wp-json\/wp\/v2\/types\/product"}],"wp:featuredmedia":[{"embeddable":true,"href":"https:\/\/www.robotec.sk\/welding\/wp-json\/wp\/v2\/media\/1700"}],"wp:attachment":[{"href":"https:\/\/www.robotec.sk\/welding\/wp-json\/wp\/v2\/media?parent=1704"}],"wp:term":[{"taxonomy":"product_brand","embeddable":true,"href":"https:\/\/www.robotec.sk\/welding\/wp-json\/wp\/v2\/product_brand?post=1704"},{"taxonomy":"product_cat","embeddable":true,"href":"https:\/\/www.robotec.sk\/welding\/wp-json\/wp\/v2\/product_cat?post=1704"},{"taxonomy":"product_tag","embeddable":true,"href":"https:\/\/www.robotec.sk\/welding\/wp-json\/wp\/v2\/product_tag?post=1704"},{"taxonomy":"yst_prominent_words","embeddable":true,"href":"https:\/\/www.robotec.sk\/welding\/wp-json\/wp\/v2\/yst_prominent_words?post=1704"}],"curies":[{"name":"wp","href":"https:\/\/api.w.org\/{rel}","templated":true}]}}