{"id":1592,"date":"2019-05-31T10:13:50","date_gmt":"2019-05-31T08:13:50","guid":{"rendered":"https:\/\/www.robotec.sk\/welding\/?post_type=product&#038;p=1592"},"modified":"2020-05-21T10:03:06","modified_gmt":"2020-05-21T08:03:06","slug":"kts-1550-cnc","status":"publish","type":"product","link":"https:\/\/www.robotec.sk\/welding\/produkt\/kts-1550-cnc\/","title":{"rendered":"KTS-1550 CNC"},"content":{"rendered":"<p align=\"justify\">KTS-1550 CNC je univerz\u00e1lny model port\u00e1lov\u00e9ho CNC stroja, ktor\u00fd je ur\u010den\u00fd na priv\u00e1ranie svorn\u00edkov s priemerom 3 a\u017e 10 mm a maxim\u00e1lnou d\u013a\u017ekou 40 mm.\u00a0 Zariadenie zais\u0165uje vysok\u00fa presnos\u0165 a produktivitu v\u00fdroby.\u00a0Ve\u013ekos\u0165 up\u00ednacej plochy je 2080 x 1300 mm, pri\u010dom zariadenie m\u00e1 pracovn\u00fd rozsah v osi X\u00a0 1050 mm a v osi Y 1500 mm. V osi Z je mo\u017en\u00e9 pohybova\u0165 v rozsahu 200 mm. Opakovate\u013en\u00e1 presnos\u0165 pr\u00e1ce je \u00b1 0,05 mm.<\/p>\n","protected":false},"excerpt":{"rendered":"<p>Port\u00e1lov\u00fd CNC stroj na automatizovan\u00e9 priv\u00e1ranie svorn\u00edkov s pracovn\u00fdm rozsahom XY 1050 x 1500 mm a v osi Z 200 mm.<\/p>\n","protected":false},"featured_media":1581,"template":"","meta":{"_monsterinsights_skip_tracking":false,"_monsterinsights_sitenote_active":false,"_monsterinsights_sitenote_note":"","_monsterinsights_sitenote_category":0},"product_brand":[],"product_cat":[84,73],"product_tag":[57],"yst_prominent_words":[],"class_list":{"0":"post-1592","1":"product","2":"type-product","3":"status-publish","4":"has-post-thumbnail","6":"product_cat-privaranie-svornikov-soyer","7":"product_cat-privaranie-svornikov-automatizacia","8":"product_tag-soyer","10":"first","11":"onbackorder","12":"taxable","13":"shipping-taxable","14":"product-type-simple"},"acf":[],"_links":{"self":[{"href":"https:\/\/www.robotec.sk\/welding\/wp-json\/wp\/v2\/product\/1592","targetHints":{"allow":["GET"]}}],"collection":[{"href":"https:\/\/www.robotec.sk\/welding\/wp-json\/wp\/v2\/product"}],"about":[{"href":"https:\/\/www.robotec.sk\/welding\/wp-json\/wp\/v2\/types\/product"}],"wp:featuredmedia":[{"embeddable":true,"href":"https:\/\/www.robotec.sk\/welding\/wp-json\/wp\/v2\/media\/1581"}],"wp:attachment":[{"href":"https:\/\/www.robotec.sk\/welding\/wp-json\/wp\/v2\/media?parent=1592"}],"wp:term":[{"taxonomy":"product_brand","embeddable":true,"href":"https:\/\/www.robotec.sk\/welding\/wp-json\/wp\/v2\/product_brand?post=1592"},{"taxonomy":"product_cat","embeddable":true,"href":"https:\/\/www.robotec.sk\/welding\/wp-json\/wp\/v2\/product_cat?post=1592"},{"taxonomy":"product_tag","embeddable":true,"href":"https:\/\/www.robotec.sk\/welding\/wp-json\/wp\/v2\/product_tag?post=1592"},{"taxonomy":"yst_prominent_words","embeddable":true,"href":"https:\/\/www.robotec.sk\/welding\/wp-json\/wp\/v2\/yst_prominent_words?post=1592"}],"curies":[{"name":"wp","href":"https:\/\/api.w.org\/{rel}","templated":true}]}}