{"id":1587,"date":"2019-05-31T08:48:01","date_gmt":"2019-05-31T06:48:01","guid":{"rendered":"https:\/\/www.robotec.sk\/welding\/?post_type=product&#038;p=1587"},"modified":"2020-05-21T10:03:05","modified_gmt":"2020-05-21T08:03:05","slug":"kts-1050-cnc","status":"publish","type":"product","link":"https:\/\/www.robotec.sk\/welding\/produkt\/kts-1050-cnc\/","title":{"rendered":"KTS-1050 CNC"},"content":{"rendered":"<p align=\"justify\">KTS-1050 CNC je z\u00e1kladn\u00fd model port\u00e1lov\u00e9ho CNC stroja, ktor\u00fd je ur\u010den\u00fd na priv\u00e1ranie svorn\u00edkov s priemerom 3 a\u017e 10 mm.\u00a0 Zariadenie zais\u0165uje vysok\u00fa presnos\u0165 a produktivitu v\u00fdroby a v\u010faka vynikaj\u00facemu pomeru ceny a efektivity je jeho prev\u00e1dzkovanie v\u00fdhodn\u00e9 aj pre mal\u00e9 a stredn\u00e9 v\u00fdrobn\u00e9 podniky. Ve\u013ekos\u0165 up\u00ednacej plochy je 1540 x 1000 mm, pri\u010dom zariadenie m\u00e1 pracovn\u00fd rozsah v osi X\u00a0 750 mm a v osi Y 1030 mm.\u00a0 Opakovate\u013en\u00e1 presnos\u0165 pr\u00e1ce je \u00b1 0,05 mm.<\/p>\n","protected":false},"excerpt":{"rendered":"<p>Port\u00e1lov\u00fd CNC stroj na automatizovan\u00e9 priv\u00e1ranie svorn\u00edkov s pracovn\u00fdm rozsahom XY 1030 x 750 mm a v osi Z 200 mm.<\/p>\n","protected":false},"featured_media":1590,"template":"","meta":{"_monsterinsights_skip_tracking":false,"_monsterinsights_sitenote_active":false,"_monsterinsights_sitenote_note":"","_monsterinsights_sitenote_category":0},"product_brand":[],"product_cat":[73],"product_tag":[57],"yst_prominent_words":[],"class_list":{"0":"post-1587","1":"product","2":"type-product","3":"status-publish","4":"has-post-thumbnail","6":"product_cat-privaranie-svornikov-automatizacia","7":"product_tag-soyer","9":"first","10":"onbackorder","11":"taxable","12":"shipping-taxable","13":"product-type-simple"},"acf":[],"_links":{"self":[{"href":"https:\/\/www.robotec.sk\/welding\/wp-json\/wp\/v2\/product\/1587","targetHints":{"allow":["GET"]}}],"collection":[{"href":"https:\/\/www.robotec.sk\/welding\/wp-json\/wp\/v2\/product"}],"about":[{"href":"https:\/\/www.robotec.sk\/welding\/wp-json\/wp\/v2\/types\/product"}],"wp:featuredmedia":[{"embeddable":true,"href":"https:\/\/www.robotec.sk\/welding\/wp-json\/wp\/v2\/media\/1590"}],"wp:attachment":[{"href":"https:\/\/www.robotec.sk\/welding\/wp-json\/wp\/v2\/media?parent=1587"}],"wp:term":[{"taxonomy":"product_brand","embeddable":true,"href":"https:\/\/www.robotec.sk\/welding\/wp-json\/wp\/v2\/product_brand?post=1587"},{"taxonomy":"product_cat","embeddable":true,"href":"https:\/\/www.robotec.sk\/welding\/wp-json\/wp\/v2\/product_cat?post=1587"},{"taxonomy":"product_tag","embeddable":true,"href":"https:\/\/www.robotec.sk\/welding\/wp-json\/wp\/v2\/product_tag?post=1587"},{"taxonomy":"yst_prominent_words","embeddable":true,"href":"https:\/\/www.robotec.sk\/welding\/wp-json\/wp\/v2\/yst_prominent_words?post=1587"}],"curies":[{"name":"wp","href":"https:\/\/api.w.org\/{rel}","templated":true}]}}