{"id":1424,"date":"2019-04-30T15:01:53","date_gmt":"2019-04-30T13:01:53","guid":{"rendered":"https:\/\/www.robotec.sk\/welding\/?post_type=product&#038;p=1424"},"modified":"2020-06-25T08:09:34","modified_gmt":"2020-06-25T06:09:34","slug":"bmk-10i","status":"publish","type":"product","link":"https:\/\/www.robotec.sk\/welding\/produkt\/bmk-10i\/","title":{"rendered":"BMK-10i"},"content":{"rendered":"<p align=\"justify\">BMK-10i je trojf\u00e1zovo nap\u00e1jan\u00fd kompaktn\u00fd invertorov\u00fd zv\u00e1rac\u00ed zdroj, ktor\u00fd umo\u017e\u0148uje priv\u00e1ranie svorn\u00edkov v magnetickom poli s vyu\u017eit\u00edm technol\u00f3gie SRM. Jeho v\u00fdhodou je vynikaj\u00faci pomer cena &#8211; v\u00fdkon a mo\u017enos\u0165 pou\u017eitia pre mobiln\u00e9 aplik\u00e1cie v\u010faka jeho mal\u00fdm rozmerom a malej hmotnosti .<\/p>\n<ul>\n<li>Maxim\u00e1lny zv\u00e1rac\u00ed pr\u00fad a\u017e 600 A.<\/li>\n<li>Priv\u00e1ranie svorn\u00edkov M3-M10.<\/li>\n<li>Vysoko kvalitn\u00e9 zv\u00e1ranie aj v n\u00e1ro\u010dn\u00fdch podmienkach a mo\u017enos\u0165 zv\u00e1rania aj v poz\u00edci\u00e1ch.<\/li>\n<li>Mo\u017enos\u0165 zv\u00e1rania v inertnom plyne.<\/li>\n<li>Vysok\u00e1 energetick\u00e1 \u00fa\u010dinnos\u0165.<\/li>\n<li>Nap\u00e1janie z trojf\u00e1zovej siete 400 V.<\/li>\n<li>Vyu\u017e\u00edva technol\u00f3giu priv\u00e1rania v magnetickom poli &#8211;\u00a0 SRM Technology\u00ae.<\/li>\n<li>N\u00edzka hmotnos\u0165 (16,5 kg) a kompaktn\u00e9 rozmery u\u013eah\u010duj\u00fa prenos zariadenia.<\/li>\n<\/ul>\n","protected":false},"excerpt":{"rendered":"<p>Invertorov\u00fd zv\u00e1rac\u00ed zdroj ur\u010den\u00fd na priv\u00e1ranie svorn\u00edkov M3 a\u017e M10 v magnetickom poli.<\/p>\n","protected":false},"featured_media":1431,"template":"","meta":{"_monsterinsights_skip_tracking":false,"_monsterinsights_sitenote_active":false,"_monsterinsights_sitenote_note":"","_monsterinsights_sitenote_category":0},"product_brand":[],"product_cat":[66],"product_tag":[57],"yst_prominent_words":[],"class_list":{"0":"post-1424","1":"product","2":"type-product","3":"status-publish","4":"has-post-thumbnail","6":"product_cat-srm-zvaracie-zdroje","7":"product_tag-soyer","9":"first","10":"onbackorder","11":"taxable","12":"shipping-taxable","13":"product-type-simple"},"acf":[],"_links":{"self":[{"href":"https:\/\/www.robotec.sk\/welding\/wp-json\/wp\/v2\/product\/1424","targetHints":{"allow":["GET"]}}],"collection":[{"href":"https:\/\/www.robotec.sk\/welding\/wp-json\/wp\/v2\/product"}],"about":[{"href":"https:\/\/www.robotec.sk\/welding\/wp-json\/wp\/v2\/types\/product"}],"wp:featuredmedia":[{"embeddable":true,"href":"https:\/\/www.robotec.sk\/welding\/wp-json\/wp\/v2\/media\/1431"}],"wp:attachment":[{"href":"https:\/\/www.robotec.sk\/welding\/wp-json\/wp\/v2\/media?parent=1424"}],"wp:term":[{"taxonomy":"product_brand","embeddable":true,"href":"https:\/\/www.robotec.sk\/welding\/wp-json\/wp\/v2\/product_brand?post=1424"},{"taxonomy":"product_cat","embeddable":true,"href":"https:\/\/www.robotec.sk\/welding\/wp-json\/wp\/v2\/product_cat?post=1424"},{"taxonomy":"product_tag","embeddable":true,"href":"https:\/\/www.robotec.sk\/welding\/wp-json\/wp\/v2\/product_tag?post=1424"},{"taxonomy":"yst_prominent_words","embeddable":true,"href":"https:\/\/www.robotec.sk\/welding\/wp-json\/wp\/v2\/yst_prominent_words?post=1424"}],"curies":[{"name":"wp","href":"https:\/\/api.w.org\/{rel}","templated":true}]}}