{"id":1366,"date":"2019-04-05T13:23:41","date_gmt":"2019-04-05T11:23:41","guid":{"rendered":"https:\/\/www.robotec.sk\/welding\/?post_type=product&#038;p=1366"},"modified":"2020-05-21T10:02:55","modified_gmt":"2020-05-21T08:02:55","slug":"kapacitne-svorniky-fe-in","status":"publish","type":"product","link":"https:\/\/www.robotec.sk\/welding\/produkt\/kapacitne-svorniky-fe-in\/","title":{"rendered":"Svorn\u00edky &#8211; klince pre kapacitn\u00e9 priv\u00e1ranie,  typ IN &#8211; oce\u013eov\u00e9"},"content":{"rendered":"<p><img decoding=\"async\" class=\"alignnone wp-image-1367 size-full\" src=\"https:\/\/www.robotec.sk\/welding\/wp-content\/uploads\/2019\/04\/daten_in_k_naegel_680.jpg\" alt=\" width=\"664\" height=\"222\" srcset=\"https:\/\/www.robotec.sk\/welding\/wp-content\/uploads\/2019\/04\/daten_in_k_naegel_680-200x67.jpg 200w, https:\/\/www.robotec.sk\/welding\/wp-content\/uploads\/2019\/04\/daten_in_k_naegel_680-300x100.jpg 300w, https:\/\/www.robotec.sk\/welding\/wp-content\/uploads\/2019\/04\/daten_in_k_naegel_680-400x134.jpg 400w, https:\/\/www.robotec.sk\/welding\/wp-content\/uploads\/2019\/04\/daten_in_k_naegel_680-500x167.jpg 500w, https:\/\/www.robotec.sk\/welding\/wp-content\/uploads\/2019\/04\/daten_in_k_naegel_680-600x201.jpg 600w, https:\/\/www.robotec.sk\/welding\/wp-content\/uploads\/2019\/04\/daten_in_k_naegel_680.jpg 664w\" sizes=\"(max-width: 664px) 100vw, 664px\" \/><\/p>\n","protected":false},"excerpt":{"rendered":"<p>Svorn\u00edky (klince) oce\u013eov\u00e9 \u2013 klince pre kapacitn\u00e9 priv\u00e1ranie.<br \/>\nMateri\u00e1l: oce\u013e 4.8 vhodn\u00e1 pre zv\u00e1ranie (pomeden\u00e9); DIN EN ISO 13918-1998<br \/>\nPriemer: 2, 2.6, 3 mm<br \/>\nD\u013a\u017eka klincov: 20 &#8211; 150 mm<\/p>\n","protected":false},"featured_media":1360,"template":"","meta":{"_monsterinsights_skip_tracking":false,"_monsterinsights_sitenote_active":false,"_monsterinsights_sitenote_note":"","_monsterinsights_sitenote_category":0},"product_brand":[],"product_cat":[59,62],"product_tag":[57],"yst_prominent_words":[],"class_list":{"0":"post-1366","1":"product","2":"type-product","3":"status-publish","4":"has-post-thumbnail","6":"product_cat-kapcitne-privaranie-svornikov","7":"product_cat-kapcitne-svorniky","8":"product_tag-soyer","10":"first","11":"onbackorder","12":"taxable","13":"shipping-taxable","14":"product-type-simple"},"acf":[],"_links":{"self":[{"href":"https:\/\/www.robotec.sk\/welding\/wp-json\/wp\/v2\/product\/1366","targetHints":{"allow":["GET"]}}],"collection":[{"href":"https:\/\/www.robotec.sk\/welding\/wp-json\/wp\/v2\/product"}],"about":[{"href":"https:\/\/www.robotec.sk\/welding\/wp-json\/wp\/v2\/types\/product"}],"wp:featuredmedia":[{"embeddable":true,"href":"https:\/\/www.robotec.sk\/welding\/wp-json\/wp\/v2\/media\/1360"}],"wp:attachment":[{"href":"https:\/\/www.robotec.sk\/welding\/wp-json\/wp\/v2\/media?parent=1366"}],"wp:term":[{"taxonomy":"product_brand","embeddable":true,"href":"https:\/\/www.robotec.sk\/welding\/wp-json\/wp\/v2\/product_brand?post=1366"},{"taxonomy":"product_cat","embeddable":true,"href":"https:\/\/www.robotec.sk\/welding\/wp-json\/wp\/v2\/product_cat?post=1366"},{"taxonomy":"product_tag","embeddable":true,"href":"https:\/\/www.robotec.sk\/welding\/wp-json\/wp\/v2\/product_tag?post=1366"},{"taxonomy":"yst_prominent_words","embeddable":true,"href":"https:\/\/www.robotec.sk\/welding\/wp-json\/wp\/v2\/yst_prominent_words?post=1366"}],"curies":[{"name":"wp","href":"https:\/\/api.w.org\/{rel}","templated":true}]}}