{"id":1257,"date":"2019-03-26T13:18:35","date_gmt":"2019-03-26T12:18:35","guid":{"rendered":"https:\/\/www.robotec.sk\/welding\/?post_type=product&#038;p=1257"},"modified":"2020-05-21T10:02:50","modified_gmt":"2020-05-21T08:02:50","slug":"bms-10p","status":"publish","type":"product","link":"https:\/\/www.robotec.sk\/welding\/produkt\/bms-10p\/","title":{"rendered":"BMS-10P"},"content":{"rendered":"<p align=\"justify\">BMS-10P je zv\u00e1rac\u00ed zdroj pre priv\u00e1ranie svorn\u00edkov v rozsahu M3 a\u017e M8 s integrovanou funkciou monitorovania kvality zv\u00e1rania. Je ur\u010den\u00fd pre priv\u00e1ranie svorn\u00edkov v s\u00e9riovej v\u00fdrobe. Je ho mo\u017en\u00e9 pou\u017ei\u0165 tak s pi\u0161to\u013eami pre manu\u00e1lne priv\u00e1ranie, ako aj so zv\u00e1racou hlavou SK-5AP pre automatizovan\u00e9 priv\u00e1ranie. Pod\u00e1va\u010d UVR-300 zais\u0165uje plne automatizovan\u00e9 pod\u00e1vanie svorn\u00edkov.<\/p>\n<ul>\n<li>Zais\u0165uje potreby pre zv\u00e1ranie pod\u013ea normy DIN EN ISO 9000.<\/li>\n<li>Modul pre poloautomatizovan\u00e9 a\u00a0automatizovan\u00e9 pod\u00e1vanie svorn\u00edkov.<\/li>\n<li>100% monitorovanie kvality zv\u00e1rania sn\u00edman\u00edm a\u00a0vyhodnocovan\u00edm v\u0161etk\u00fdch d\u00f4le\u017eit\u00fdch parametrov.<\/li>\n<li>Jednoduch\u00e9 ovl\u00e1danie a\u00a0zobrazenie parametrov prostredn\u00edctvom LCD displeja.<\/li>\n<li>Ochrana zv\u00e1racieho zdroja pred prehriat\u00edm.<\/li>\n<li>Funkcia testovania bez zv\u00e1racieho pr\u00fadu pre nastavenie spr\u00e1vneho zdvihu (lift test).<\/li>\n<li>Neust\u00e1le monitorovanie nab\u00edjania.<\/li>\n<li>Zariadenie umo\u017e\u0148uje dosiahnu\u0165 vysok\u00fa kvalitu zv\u00e1rania aj fluktu\u00e1cii nap\u00e4tia v nap\u00e1jacej sieti.<\/li>\n<\/ul>\n<h3>Video<\/h3>\n<p><iframe src=\"\/\/www.youtube.com\/embed\/s3usn3xG9WI\" width=\"560\" height=\"314\" allowfullscreen=\"allowfullscreen\"><\/iframe><\/p>\n","protected":false},"excerpt":{"rendered":"<p>Zv\u00e1rac\u00ed zdroj ur\u010den\u00fd pre kapacitn\u00e9 priv\u00e1ranie svorn\u00edkov M3 a\u017e M8. Zariadenie umo\u017e\u0148uje manu\u00e1lne ako aj plne automatizovan\u00e9 priv\u00e1ranie svorn\u00edkov.<\/p>\n","protected":false},"featured_media":1445,"template":"","meta":{"_monsterinsights_skip_tracking":false,"_monsterinsights_sitenote_active":false,"_monsterinsights_sitenote_note":"","_monsterinsights_sitenote_category":0},"product_brand":[],"product_cat":[60],"product_tag":[57],"yst_prominent_words":[],"class_list":{"0":"post-1257","1":"product","2":"type-product","3":"status-publish","4":"has-post-thumbnail","6":"product_cat-kapacitne-zvaracie-zdroje","7":"product_tag-soyer","9":"first","10":"onbackorder","11":"taxable","12":"shipping-taxable","13":"product-type-simple"},"acf":[],"_links":{"self":[{"href":"https:\/\/www.robotec.sk\/welding\/wp-json\/wp\/v2\/product\/1257","targetHints":{"allow":["GET"]}}],"collection":[{"href":"https:\/\/www.robotec.sk\/welding\/wp-json\/wp\/v2\/product"}],"about":[{"href":"https:\/\/www.robotec.sk\/welding\/wp-json\/wp\/v2\/types\/product"}],"wp:featuredmedia":[{"embeddable":true,"href":"https:\/\/www.robotec.sk\/welding\/wp-json\/wp\/v2\/media\/1445"}],"wp:attachment":[{"href":"https:\/\/www.robotec.sk\/welding\/wp-json\/wp\/v2\/media?parent=1257"}],"wp:term":[{"taxonomy":"product_brand","embeddable":true,"href":"https:\/\/www.robotec.sk\/welding\/wp-json\/wp\/v2\/product_brand?post=1257"},{"taxonomy":"product_cat","embeddable":true,"href":"https:\/\/www.robotec.sk\/welding\/wp-json\/wp\/v2\/product_cat?post=1257"},{"taxonomy":"product_tag","embeddable":true,"href":"https:\/\/www.robotec.sk\/welding\/wp-json\/wp\/v2\/product_tag?post=1257"},{"taxonomy":"yst_prominent_words","embeddable":true,"href":"https:\/\/www.robotec.sk\/welding\/wp-json\/wp\/v2\/yst_prominent_words?post=1257"}],"curies":[{"name":"wp","href":"https:\/\/api.w.org\/{rel}","templated":true}]}}