{"id":1194,"date":"2019-03-19T12:53:13","date_gmt":"2019-03-19T11:53:13","guid":{"rendered":"https:\/\/www.robotec.sk\/welding\/?post_type=product&#038;p=1194"},"modified":"2020-05-21T10:02:48","modified_gmt":"2020-05-21T08:02:48","slug":"tecna-3484","status":"publish","type":"product","link":"https:\/\/www.robotec.sk\/welding\/produkt\/tecna-3484\/","title":{"rendered":"TECNA 3484"},"content":{"rendered":"<p>Typ 3484 je z\u00e1kladn\u00fd model bodoviek umiestnen\u00fdch na voz\u00edku, v\u010faka \u010domu je mo\u017en\u00e9 s\u00fapravu jednoducho a\u00a0\u013eahko pres\u00fava\u0165 po dielni. Ku zv\u00e1ra\u010dke je mo\u017en\u00e9 s\u00fabe\u017ene pripoji\u0165 jednostrann\u00fa pi\u0161to\u013e a\u00a0obojstrann\u00e9 klie\u0161te \u010di dva typy klie\u0161t\u00ed. Riadiace jednotka je vybaven\u00e1 funkciou kompenz\u00e1cie pr\u00fadu, aby sa zaistila kvalita zvaru aj v\u00a0pr\u00edpade zne\u010disten\u00fdch plechov \u010di zostatkov hrdze na plechu. Umo\u017e\u0148uje zv\u00e1ranie v\u00a0pulznom re\u017eime, pri ktorom sa menej zahrievaj\u00fa elektr\u00f3dy a\u00a0doch\u00e1dza k\u00a0men\u0161iemu tepeln\u00e9mu ovplyvneniu z\u00e1kladn\u00e9ho materi\u00e1lu. K\u00a0bodova\u010dke je mo\u017en\u00e9 pripoji\u0165 dva n\u00e1stroje a\u00a0ka\u017ed\u00fd n\u00e1stroj m\u00f4\u017ee ma\u0165 vlastn\u00fd program, \u010d\u00edm sa pr\u00e1ca zefekt\u00edv\u0148uje a\u00a0zr\u00fdch\u013euje.<\/p>\n","protected":false},"excerpt":{"rendered":"<p>Univerz\u00e1lna zv\u00e1racia s\u00faprava s nomin\u00e1lnym v\u00fdkonom 8 kVA.<\/p>\n","protected":false},"featured_media":1196,"template":"","meta":{"_monsterinsights_skip_tracking":false,"_monsterinsights_sitenote_active":false,"_monsterinsights_sitenote_note":"","_monsterinsights_sitenote_category":0},"product_brand":[],"product_cat":[47,56],"product_tag":[48],"yst_prominent_words":[],"class_list":{"0":"post-1194","1":"product","2":"type-product","3":"status-publish","4":"has-post-thumbnail","6":"product_cat-odporove-zvaracie-zariadenia-tecna","7":"product_cat-autokarosarske-bodovacky","8":"product_tag-tecna","10":"first","11":"onbackorder","12":"taxable","13":"shipping-taxable","14":"product-type-simple"},"acf":[],"_links":{"self":[{"href":"https:\/\/www.robotec.sk\/welding\/wp-json\/wp\/v2\/product\/1194","targetHints":{"allow":["GET"]}}],"collection":[{"href":"https:\/\/www.robotec.sk\/welding\/wp-json\/wp\/v2\/product"}],"about":[{"href":"https:\/\/www.robotec.sk\/welding\/wp-json\/wp\/v2\/types\/product"}],"wp:featuredmedia":[{"embeddable":true,"href":"https:\/\/www.robotec.sk\/welding\/wp-json\/wp\/v2\/media\/1196"}],"wp:attachment":[{"href":"https:\/\/www.robotec.sk\/welding\/wp-json\/wp\/v2\/media?parent=1194"}],"wp:term":[{"taxonomy":"product_brand","embeddable":true,"href":"https:\/\/www.robotec.sk\/welding\/wp-json\/wp\/v2\/product_brand?post=1194"},{"taxonomy":"product_cat","embeddable":true,"href":"https:\/\/www.robotec.sk\/welding\/wp-json\/wp\/v2\/product_cat?post=1194"},{"taxonomy":"product_tag","embeddable":true,"href":"https:\/\/www.robotec.sk\/welding\/wp-json\/wp\/v2\/product_tag?post=1194"},{"taxonomy":"yst_prominent_words","embeddable":true,"href":"https:\/\/www.robotec.sk\/welding\/wp-json\/wp\/v2\/yst_prominent_words?post=1194"}],"curies":[{"name":"wp","href":"https:\/\/api.w.org\/{rel}","templated":true}]}}