{"id":1110,"date":"2019-03-11T10:35:37","date_gmt":"2019-03-11T09:35:37","guid":{"rendered":"https:\/\/www.robotec.sk\/welding\/?post_type=product&#038;p=1110"},"modified":"2020-05-21T10:02:41","modified_gmt":"2020-05-21T08:02:41","slug":"tecna-3062-3184","status":"publish","type":"product","link":"https:\/\/www.robotec.sk\/welding\/produkt\/tecna-3062-3184\/","title":{"rendered":"TECNA 3062-3184"},"content":{"rendered":"<p>Stredofrekven\u010dn\u00e9 klie\u0161te typu 3062-3185 patria k tomu najlep\u0161iemu, \u010do technol\u00f3gia bodov\u00e9ho odporov\u00e9ho zv\u00e1rania m\u00f4\u017ee pon\u00faknu\u0165. Tieto klie\u0161te u vybaven\u00e9 invertorovou technol\u00f3giou, ktor\u00e1 prin\u00e1\u0161a ve\u013ea v\u00fdhod ako je napr\u00edklad presn\u00e9 nastavenie \u010dasu zv\u00e1rania v milisekund\u00e1ch, presn\u00e9 a kon\u0161tantn\u00e9 riadenie pr\u00fadu po\u010das cel\u00e9ho cyklu zv\u00e1rania, dlh\u0161iu \u017eivotnos\u0165 elektr\u00f3d, esteticky dokonalej\u0161ie zvary, a\u017e o 35% ni\u017e\u0161iu spotrebu pr\u00fadu a z\u00e1rove\u0148 men\u0161ie rozmery a hmotnos\u0165 transform\u00e1tora, a\u00a0 t\u00fdm aj cel\u00e9ho zariadenia. V\u010faka ni\u017e\u0161ej hmotnosti s\u00fa aj pri vysokom v\u00fdkone \u013eahko ovl\u00e1date\u013en\u00e9. Invertorov\u00e9 klie\u0161te s\u00fa v\u010faka svojim charakteristik\u00e1m vhodn\u00e9 napr\u00edklad pre zv\u00e1ranie hlin\u00edku alebo in\u00fdch \u0165a\u017eko zvarite\u013en\u00fdch kovov.<\/p>\n<ul>\n<li id=\"u185799-5\">v\u00fdkon 56 \u2013 90 kVA, pr\u00edtlak elektr\u00f3d a\u017e 855 daN (Kg)<\/li>\n<li id=\"u185799-7\">kompaktn\u00e9 rozmery vzh\u013eadom k v\u00fdkonu klie\u0161t\u00ed<\/li>\n<li id=\"u185799-9\">extern\u00e1 riadiac jednotka a pr\u00fadov\u00e1 skri\u0148a<\/li>\n<li id=\"u185799-11\">mo\u017enos\u0165 pripojenia riadiacej jednotky k po\u010d\u00edta\u010du<\/li>\n<li id=\"u185799-13\">pam\u00e4\u0165 na 63 r\u00f4znych zv\u00e1rac\u00edch programov<\/li>\n<li id=\"u185799-15\">ergonomicky tvarovan\u00e1 rukov\u00e4\u0165 s poistkou proti n\u00e1hodn\u00e9mu spusteniu a prep\u00edna\u010dom programov<\/li>\n<li id=\"u185799-17\">rameno pre zavesenie na balanc\u00e9r<\/li>\n<li id=\"u185799-19\">d\u013a\u017eka ramien 190 \u2013 1030 mm, mo\u017enos\u0165 pou\u017eitia \u0161peci\u00e1lnych ramien na \u017eelanie<\/li>\n<li id=\"u185799-21\">jednoduch\u00e1 \u00fadr\u017eba, dlh\u00e1 \u017eivotnos\u0165 zariadenia<\/li>\n<\/ul>\n<h3><strong>V\u00ddHODY STREDOFREKVEN\u010cN\u00ddCH BODOVAC\u00cdCH ZARIADEN\u00cd<\/strong><\/h3>\n<ul>\n<li>Sterdofrekven\u010dn\u00fd zdroj vyu\u017e\u00edva technol\u00f3giu slu\u010dky. T\u00e1 umo\u017e\u0148uje plynul\u00e9 nastavovanie prim\u00e1rneho aj sekund\u00e1rneho pr\u00fadu tak, aby sa vyrovn\u00e1valo ak\u00e9ko\u013evek kol\u00edsanie nap\u00e1jacieho nap\u00e4tia alebo r\u00f4znorodos\u0165 zv\u00e1ran\u00e9ho materi\u00e1lu, \u010d\u00edm sa dosahuje opakovate\u013en\u00e1 vysok\u00e1 kvalita zvarov.<\/li>\n<li>Vysok\u00e1 presnos\u0165 riadenia pr\u00fadu v\u010faka dvojitej sp\u00e4tnej v\u00e4zbe na prim\u00e1rnom i sekund\u00e1rnom okruhu.<\/li>\n<li>Zn\u00ed\u017eenie n\u00e1kladov na prev\u00e1dzku a \u00fadr\u017ebu. Aby sa dosiahol rovnak\u00fd v\u00fdsledok zv\u00e1rania, tradi\u010dn\u00fd syst\u00e9m striedav\u00e9ho pr\u00fadu by si vy\u017eadoval vy\u0161\u0161\u00ed in\u0161talovan\u00fd v\u00fdkon a sie\u0165ov\u00fd pr\u00fad. Okrem toho, kv\u00f4li krat\u0161\u00edm \u010dasom zv\u00e1rania a\u00a0zni\u017euje opotrebovanie elektr\u00f3d a\u00a0zvy\u0161uje produktivita pr\u00e1ce.<\/li>\n<li>Stredofrekven\u010dn\u00e9 zv\u00e1racie zdroje sa vyzna\u010duj\u00fa flexibilitou pou\u017eitia a\u00a0technol\u00f3giu je mo\u017en\u00e9 pou\u017ei\u0165 pre bodov\u00e9 zv\u00e1ranie \u0161irok\u00e9ho spektra materi\u00e1lov.<\/li>\n<li>Invertorov\u00fd stredofrekven\u010dn\u00fd zv\u00e1rac\u00ed zdroj m\u00e1 efekt\u00edvnej\u0161\u00ed tepeln\u00fd v\u00fdkon v porovnan\u00ed s\u00a0klasick\u00fdm zv\u00e1rac\u00edm zdrojom na zv\u00e1ranie sriedav\u00fdm pr\u00fadom. To umo\u017e\u0148uje dosiahnu\u0165 rovnak\u00fd v\u00fdsledok zv\u00e1rania v krat\u0161om \u010dase a zn\u00ed\u017ei\u0165 rozpt\u00fdlenie tepla okolo zvarov\u00e9ho nugetu, \u010d\u00edm sa zmen\u0161uje tepelne ovplyvnen\u00e1 z\u00f3na zv\u00e1ran\u00e9ho materi\u00e1lu.<\/li>\n<li>V\u010faka invertorovej technol\u00f3gii je mo\u017en\u00e9 dosiahnu\u0165 kompaktn\u00e9 rozmery zariaden\u00ed, ke\u010f\u017ee transform\u00e1tory s\u00fa takmer o\u00a050% men\u0161ie v\u00a0porovnan\u00ed s\u00a0AC technol\u00f3giu zv\u00e1rania.<\/li>\n<\/ul>\n","protected":false},"excerpt":{"rendered":"<p>Stredofrekven\u010dn\u00e9 pneumatick\u00e9 z\u00e1vesn\u00e9 bodovacie klie\u0161te s vodn\u00fdm chladen\u00edm a s v\u00fdkonom 56 &#8211; 90 kVA.<\/p>\n","protected":false},"featured_media":1118,"template":"","meta":{"_monsterinsights_skip_tracking":false,"_monsterinsights_sitenote_active":false,"_monsterinsights_sitenote_note":"","_monsterinsights_sitenote_category":0},"product_brand":[],"product_cat":[47,49,51],"product_tag":[48],"yst_prominent_words":[],"class_list":{"0":"post-1110","1":"product","2":"type-product","3":"status-publish","4":"has-post-thumbnail","6":"product_cat-odporove-zvaracie-zariadenia-tecna","7":"product_cat-bodovacie-klieste","8":"product_cat-zavesne-bodovacie-klieste","9":"product_tag-tecna","11":"first","12":"onbackorder","13":"taxable","14":"shipping-taxable","15":"product-type-simple"},"acf":[],"_links":{"self":[{"href":"https:\/\/www.robotec.sk\/welding\/wp-json\/wp\/v2\/product\/1110","targetHints":{"allow":["GET"]}}],"collection":[{"href":"https:\/\/www.robotec.sk\/welding\/wp-json\/wp\/v2\/product"}],"about":[{"href":"https:\/\/www.robotec.sk\/welding\/wp-json\/wp\/v2\/types\/product"}],"wp:featuredmedia":[{"embeddable":true,"href":"https:\/\/www.robotec.sk\/welding\/wp-json\/wp\/v2\/media\/1118"}],"wp:attachment":[{"href":"https:\/\/www.robotec.sk\/welding\/wp-json\/wp\/v2\/media?parent=1110"}],"wp:term":[{"taxonomy":"product_brand","embeddable":true,"href":"https:\/\/www.robotec.sk\/welding\/wp-json\/wp\/v2\/product_brand?post=1110"},{"taxonomy":"product_cat","embeddable":true,"href":"https:\/\/www.robotec.sk\/welding\/wp-json\/wp\/v2\/product_cat?post=1110"},{"taxonomy":"product_tag","embeddable":true,"href":"https:\/\/www.robotec.sk\/welding\/wp-json\/wp\/v2\/product_tag?post=1110"},{"taxonomy":"yst_prominent_words","embeddable":true,"href":"https:\/\/www.robotec.sk\/welding\/wp-json\/wp\/v2\/yst_prominent_words?post=1110"}],"curies":[{"name":"wp","href":"https:\/\/api.w.org\/{rel}","templated":true}]}}